me number?
True
Is 6914374031 a prime number?
True
Is 3066652541 composite?
True
Is 27288144501 composite?
True
Is 1772852729 composite?
False
Is 106578943355 prime?
False
Is 22606741 composite?
True
Is 736074629 composite?
False
Is 1842005701 prime?
True
Is 388820071 composite?
False
Is 38004791663 a composite number?
False
Is 352563089 composite?
False
Is 1061897113 prime?
False
Is 278422819 a composite number?
False
Is 16477567 a composite number?
False
Is 8288928419 composite?
False
Is 88949952929 a composite number?
False
Is 2585354743 composite?
False
Is 1666188749 composite?
False
Is 2588423441 a composite number?
False
Is 61835969029 prime?
False
Is 1486845221 prime?
True
Is 17797699217 prime?
True
Is 82761037817 prime?
False
Is 4261468801 a prime number?
False
Is 29247914669 composite?
False
Is 46019626853 composite?
True
Is 103964204063 a prime number?
True
Is 442421831 prime?
True
Is 21594424271 a composite number?
True
Is 895435501 prime?
True
Is 4684525873 a prime number?
True
Is 22283603941 a prime number?
False
Is 28792429 a prime number?
False
Is 11126865985 composite?
True
Is 8630477733 a composite number?
True
Is 6175853 prime?
True
Is 4529146363 composite?
True
Is 7039478267 prime?
True
Is 670981609 a prime number?
True
Is 2806532623 composite?
True
Is 1699705309 a prime number?
True
Is 220947983 a prime number?
False
Is 491343907 composite?
False
Is 57501023341 prime?
True
Is 464215027 a composite number?
False
Is 1492564267 a prime number?
True
Is 39581501579 composite?
False
Is 1251679087 a composite number?
False
Is 727212769 a prime number?
True
Is 29456448017 a prime number?
True
Is 214232115639 a prime number?
False
Is 43957330247 a prime number?
False
Is 239263373 composite?
False
Is 94815935449 a prime number?
False
Is 277467343 prime?
True
Is 255988741 prime?
False
Is 110360007743 composite?
True
Is 37597392817 prime?
True
Is 18033353467 composite?
False
Is 20891661809 composite?
False
Is 15232999147 a prime number?
True
Is 19055521423 prime?
False
Is 43440756979 composite?
False
Is 40296015413 a prime number?
True
Is 8818064113 a prime number?
True
Is 58079231257 composite?
False
Is 671774321 a composite number?
False
Is 577799389 a composite number?
True
Is 1977791327 a prime number?
True
Is 14998952029 a prime number?
True
Is 1074970943 a composite number?
False
Is 1179114693 composite?
True
Is 1859840867 composite?
False
Is 39441722081 composite?
True
Is 285912581 prime?
False
Is 3384864097 composite?
False
Is 363953963 prime?
False
Is 118884323 a composite number?
False
Is 354845089 prime?
True
Is 20121183599 composite?
True
Is 79188607 a prime number?
False
Is 1828204031 prime?
False
Is 6216571633 composite?
True
Is 81731131501 composite?
False
Is 91113444991 composite?
True
Is 9972284943 a composite number?
True
Is 1612380313 prime?
False
Is 18312908753 prime?
False
Is 84373493231 a prime number?
False
Is 1577035417 a composite number?
False
Is 76406776129 a composite number?
False
Is 38802220159 composite?
True
Is 4219465699 a prime number?
True
Is 2495870621 a prime number?
False
Is 47585783317 composite?
False
Is 2941500239 composite?
True
Is 283057349 a composite number?
True
Is 937508989 prime?
False
Is 4729417645 prime?
False
Is 40695697309 a composite number?
False
Is 185374493 prime?
True
Is 23623812713 composite?
True
Is 384214079 a composite number?
True
Is 508661801 a composite number?
True
Is 15155030201 a prime number?
False
Is 726283787 composite?
True
Is 292200949 a composite number?
False
Is 366819511 a composite number?
True
Is 777494327 prime?
True
Is 5276651771 prime?
True
Is 1616110331 prime?
False
Is 45613807957 a composite number?
False
Is 764609239 a composite number?
True
Is 23412862973 a prime number?
True
Is 625845289 a composite number?
True
Is 10743785729 prime?
True
Is 4290201367 prime?
True
Is 1077796393 composite?
True
Is 1941070297 composite?
True
Is 6414326059 composite?
False
Is 4150558853 a composite number?
True
Is 4787664863 composite?
True
Is 25588183 a composite number?
False
Is 96454577 prime?
True
Is 10025192821 a prime number?
False
Is 8744163005 a prime number?
False
Is 48473847247 prime?
False
Is 511847729 a composite number?
False
Is 29298776209 composite?
False
Is 1448228557 composite?
True
Is 2280498131 composite?
False
Is 57824490007 composite?
False
Is 1327713913 a composite number?
True
Is 4861606681 composite?
True
Is 29896046759 a composite number?
True
Is 1624003921 a prime number?
True
Is 251413919 prime?
True
Is 889865671 a prime number?
False
Is 458352509 prime?
False
Is 147262669 a prime number?
False
Is 207442321 prime?
False
Is 651012563 a composite number?
True
Is 206168393 a composite number?
True
Is 13616815967 a prime number?
True
Is 21321606463 composite?
True
Is 252635127359 a composite number?
True
Is 167674091 a prime number?
False
Is 5973247589 composite?
False
Is 27818471 composite?
False
Is 74306563451 prime?
False
Is 111112081 a prime number?
True
Is 2308693361 a composite number?
True
Is 28790413097 prime?
True
Is 501445267 prime?
True
Is 36613935679 composite?
True
Is 48070103981 a prime number?
True
Is 4810580501 composite?
True
Is 507382429 a prime number?
False
Is 1809776887 prime?
True
Is 157994273 a composite number?
False
Is 279834249 a composite number?
True
Is 1117939481 a prime number?
False
Is 3460393151 a prime number?
False
Is 6242469137 a prime number?
False
Is 8398019593 a prime number?
True
Is 17026044065 a prime number?
False
Is 453732251 a prime number?
False
Is 3458284465 a prime number?
False
Is 4694268427 a composite number?
False
Is 23797104821 composite?
True
Is 3294487711 composite?
False
Is 253615391 a composite number?
False
Is 1678407373 composite?
False
Is 5646802103 composite?
False
Is 57107599 a prime number?
False
Is 562746077 a prime number?
True
Is 353976457 prime?
False
Is 1735617937 composite?
False
Is 68490797 composite?
True
Is 540087659 a prime number?
False
Is 248818043 prime?
True
Is 1267771 a composite number?
False
Is 5119980143 a prime number?
True
Is 4967053543 composite?
True
Is 7478990803 prime?
True
Is 43880270413 a prime number?
False
Is 1427524543 composite?
False
Is 1365234097 a prime number?
True
Is 423002977 composite?
False
Is 1529319941 a prime number?
True
Is 5080903799 a prime number?
True
Is 10377070311 a prime number?
False
Is 28384117851 a prime number?
False
Is 542425277 prime?
True
Is 115862643541 prime?
False
Is 138636593 a prime number?
True
Is 1503281939 a prime number?
True
Is 38453492647 a composite number?
True
Is 15610628129 a composite number?
False
Is 5454332881 prime?
False
Is 53921262787 prime?
False
Is 183508139 a prime number?
True
Is 20934896305 composite?
True
Is 117560507 a prime number?
False
Is 274115767 prime?
False
Is 172957397 composite?
True
Is 129521831 a composite number?
False
Is 1251442243 a prime number?
True
Is 1592459363 composite?
True
Is 1288568485 composite?
True
Is 3013472309 prime?
False
Is 15173300983 a prime number?
True
Is 1234984511 composite?
False
Is 1140455369 a prime number?
False
Is 50605855127 a composite number?
False
Is 40737331 a composite number?
True
Is 160419162529 a prime number?
True
Is 680071669 prime?
True
Is 3194812853 a prime number?
False
Is 356209058949 a composite number?
True
Is 37567511369 a prime number?
True
Is 14150269103 prime?
False
Is 26071966909 a prime number?
True
Is 3237372791 a composite number?
False
Is 39815134661 prime?
False
Is 76256693 prime?
True
Is 265589116059 a prime number?
False
Is 737197121 a composite number?
True
Is 108435120241 composite?
True
Is 151910960551 a prime number?
False
Is 6852286529 a composite number?
True
Is 1137305857 a composite number?
True
Is 2344832153 a composite number?
False
Is 65758994123 a prime number?
False
Is 2397170803 a prime number?
True
Is 42691177 a composite number?
True
Is 4219575761 a composite number?
True
Is 4935811483 a prime number?
True
Is 32981838889 a prime number?
True
Is 7761039989 a prime number?
True
Is 148811010269 a composite number?
True
Is 297689803 a composite number?
True
Is 2012708153 composite?
False
Is 122328989 prime?
False
Is 23003838461 prime?
False
Is 1056871789 a composite number?
True
Is 113483387 composite?
False
Is 251869799 